- 2 - (11 + -16)
4
What is -2 + -2 + (-5 - 0 - -9)?
0
Calculate -5 - ((6 - 4) + -10).
3
-11 + -7 + 14 + -2
-6
Calculate (-5 - -1) + (0 - (-3 + 5)).
-6
What is (6 + -10 - -1 - -3) + -8?
-8
What is 5 + -1 + (3 - 11) + -2?
-6
Calculate (4 - 7 - (4 + -4)) + 6.
3
What is 5 + -1 - (-1 - (7 - 8))?
4
What is 4 + 1 + 1 + -6?
0
Evaluate 0 - -3 - (-8 - -6) - -1.
6
-5 + 4 - ((-4 - 2) + 2)
3
0 - (0 + -4 + 5)
-1
What is the value of 1 + -8 + 4 - -3?
0
Calculate (-1 - -3) + 3 - (20 - 22).
7
-2 - (-8 - -2 - 0)
4
What is the value of (74 - 75) + -2 + -7?
-10
What is 3 + (1 - 2 - -6)?
8
Evaluate 4 + (1 - (2 - 1)) - 1.
3
-3 + (-2 - -7) + -3
-1
Evaluate -3 + 10 + (0 - 3) - 1.
3
5 - (-1 - 0 - (6 - 10))
2
What is the value of 1 - ((4 - 0) + -4 + 2)?
-1
9 + (1 - (1 - -6))
3
Calculate 6 - (0 - -3) - 4.
-1
-8 + 2 + 4 + 0
-2
What is 5 - (6 + -1) - (-1 + -3)?
4
What is the value of -2 + 4 + 6 - 7?
1
Evaluate -6 + 3 + 6 + -1 + 3.
5
3 - (5 - (-3 + 5))
0
What is the value of -7 - (-12 + (6 - -1))?
-2
What is -9 + 20 + -12 + 0?
-1
3 - (8 - 5 - -2)
-2
What is 0 - ((7 - (-7 - -17)) + 0)?
3
What is (5 - 1) + 18 + -24?
-2
(4 - -1) + 10 + -15
0
What is the value of -5 - (-3 - (3 - 2))?
-1
Evaluate (-1 - -8) + 32 + -33.
6
What is the value of -3 - (2 + -11) - 13?
-7
-5 - -5 - -8 - 13
-5
What is 0 + -4 - (102 + -114)?
8
What is the value of -5 - 4 - (11 + -17)?
-3
0 - (-3 + (9 - 10))
4
What is -12 - -10 - (0 + -5 + 4)?
-1
What is the value of -43 + 28 + 15 + -1?
-1
-1 + -2 - (15 + -12)
-6
What is the value of 0 + -2 - ((6 - 11) + 3)?
0
Calculate -5 + 1 - (-1 - (-4 + 9)).
2
What is -8 + 9 - (8 - -1)?
-8
Evaluate (1 + 2 - (-2 - 0)) + -3.
2
What is 3 - (-2 - (-3 - (0 + 4)))?
-2
What is the value of -102 + 114 - (4 + -1)?
9
What is (0 - 3) + 0 + 0?
-3
What is the value of (2 - 13) + 4 + 16?
9
What is 5 + 7 + -6 - 6?
0
Calculate 3 - -5 - 14 - -13.
7
Calculate 3 + -3 + (1 - 4).
-3
Evaluate 11 - (2 + 4) - 4.
1
What is 7 - (-6 - 1 - (-15 - -8))?
7
Evaluate -3 + 1 + 0 + -3.
-5
What is the value of -12 + 10 + -5 + (1 - -4)?
-2
What is the value of (2 - (-1 - -2 - -4)) + -1?
-4
Evaluate 5 - 3 - (0 - 1).
3
-4 - (5 - -3) - -9
-3
Evaluate (7 - 5) + 8 - 6.
4
What is 14 - (1 + 5 + (-1 - -2))?
7
What is -8 - (-14 + (5 - 9))?
10
What is the value of -4 - 0 - (-3 + 2 + -2)?
-1
What is 4 + -4 - (0 + 6)?
-6
6 - (-4 - (-1 - (0 + 1)))
8
What is the value of -1 + -5 + (9 - 7) + 2?
-2
What is -1 - ((-5 - 0 - -6) + -5)?
3
Evaluate -14 - (-13 - 1 - -6).
-6
Calculate (-1 - -2) + -1 + 0.
0
Evaluate 4 + (2 - (1 + 0)).
5
What is the value of (-5 + 3 - -1) + -1?
-2
Calculate (13 + -16 - (-5 - 0)) + 0.
2
What is the value of 1 + -7 + 0 - -6?
0
Evaluate -3 + -2 - (1 + 1 - 10).
3
What is the value of 13 - (-12 + 12 + 21)?
-8
Evaluate (-4 - -8) + (-4 - 2).
-2
(-4 - 0) + (2 - -2)
0
Evaluate 6 + 3 + 6 + -7.
8
Evaluate (5 - (-2 - -2)) + -1.
4
What is the value of -97 + 86 - ((0 - 1) + -4)?
-6
What is 23 + -22 - (0 - -2)?
-1
What is -1 + 1 + (5 - -10 - 14)?
1
What is 1 + -1 - (-1 - 0)?
1
Calculate -1 + 2 - (-21 + 24).
-2
Calculate -3 + (3 - 1) + -1.
-2
What is 3 - (-10 - -14) - (-1 - -6)?
-6
What is 8 + (-7 - (-8 + 14))?
-5
What is (-3 - 11 - -5) + 8?
-1
Calculate 0 - (0 + 3 - (5 + -2)).
0
What is -1 + -2 + (4 - 0)?
1
-2 + 12 + (25 - 32)
3
Evaluate 15 + -6 - 3 - 10.
-4
Evaluate -1 + -4 - (2 - 4 - 2).
-1
What is the value of -13 - (-26 - 1 - -9)?
5
What is the value of 2 - (-8 + 4 - 2)?
8
What is the value of -11 + 6 - (-6 + 2) - 2?
-3
Evaluate -2 + (6 - 4) + 2.
2
What is the value of 2 + -3 - (-12 + 19 + -10)?
2
Calculate 4 + -11 + 5 - -6.
4
-3 - (-2 + 4) - 0
-5
Evaluate (-1 - (-2 - -6)) + (-4 - -5).
-4
What is 0 + 1 + -1 + (-6 - -7)?
1
What is -8 + (0 - 0) + 1?
-7
What is the value of -1 + -6 - 2 - -4?
-5
Calculate -35 + 37 + 1 + -5.
-2
What is 3 + -8 + 0 - -3?
-2
What is -9 + 12 - (4 - -3)?
-4
Calculate (-2 - -3) + (-8 + 2 - -6).
1
Calculate -1 + -6 + -19 + 25.
-1
What is (1 - (8 + -2)) + 1 - -5?
1
Evaluate -4 + 2 + (-12 - -14).
0
What is the value of 7 - (8 + 6) - -10?
3
4 + -4 + (5 - 3 - 5)
-3
-11 + 7 + 0 - 3
-7
-2 + (-3 - (-3 - 0))
-2
What is the value of (7 - 8) + (-1 - (3 + -1))?
-4
What is the value of 6 + 1 + 0 + -5?
2
Calculate (-1 - -7) + 3 + -2.
7
Evaluate (-5 - (-8 - -2)) + 3.
4
What is the value of -14 - (-10 + 5 + -5)?
-4
What is the value of (-64 - -62) + -7 + 1 + -2?
-10
What is 4 + -17 + 33 + -20?
0
Evaluate -4 + 6 + (5 - 9).
-2
Calculate -37 + 44 + (0 - (-2 - -4)).
5
Evaluate (0 - -4) + -5 + 5.
4
What is the value of (1 - 1 - 6) + 7 + -2?
-1
What is the value of -3 - (-7 + (2 - -1))?
1
Calculate 3 + -6 + -4 - -2.
-5
Calculate 2 - (0 + 13 + -4).
-7
What is 0 + 13 + 18 + -25?
6
Calculate -1 + -3 + 4 + 1.
1
Calculate 5 + -3 - (-5 + -7 + 4).
10
What is the value of 8 - (11 - (15 + -8))?
4
Calculate -3 - (3 - (1 + 11)).
6
(-2 + -3 - (-6 + 3)) + -3
-5
Evaluate (1 - -3) + (-15 - -10).
-1
Evaluate 1 - ((-6 - -11) + -8).
4
What is 0 - 2 - (6 + -5 + 0)?
-3
What is the value of 4 + 0 + (-6 - 2)?
-4
Evaluate (0 - 1) + -1 + -2.
-4
Calculate -3 + -1 + 9 + -3 + -2.
0
Calculate -10 - -6 - (-3 - 3).
2
(7 - (2 - 8)) + (-2 - 2)
9
What is the value of 1 + 4 - (-6 + 6)?
5
What is the value of 3 - (-1 - -1 - 0 - -2)?
1
Evaluate 14 + -4 + 1 + -2 - 1.
8
Evaluate 1 - (4 + 3 + -3).
-3
-2 + -3 + 3 + 2 + -1
-1
Calculate 19 + -12 + (-6 - 1).
0
Evaluate -2 + (0 + -3 - -8).
3
What is the value of 0 - -2 - ((1 - 1) + -1)?
3
Calculate 3 - (-1 - -5) - (8 + -9).
0
What is (8 - 4) + -2 + -1 + 2?
3
Evaluate -1 - (-1 - (-2 + 3)).
1
Evaluate 0 - (-4 + (-1 - -3)).
2
Evaluate -3 + 14 - 31 - -11.
-9
Calculate (1 - -1) + (-1 - -1).
2
What is 2 - (0 + -2) - (11 - 0)?
-7
What is the value of 11 - 6 - -2 - 4?
3
(-8 - -7 - 11) + 7
-5
Calculate -3 - -3 - (-1 - (3 + -6)).
-2
What is the value of -5 + 6 + (-13 - (-7 - -4))?
-9
-1 + 8 + (-1 - (4 + 0))
2
Calculate (-1 - (-8 + 4)) + 4 + -1.
6
Evaluate -2 - -4 - ((0 - 1) + 1).
2
((0 - 6) + 3 - -5) + -7
-5
What is 4 - 0 - (5 + 2)?
-3
Evaluate 2 - 2 - (5 - 3) - -4.
2
Evaluate 1 + 1 + (-20 - -18) + 5.
5
What is -3 - ((-8 + 4 - 3) + 3)?
1
What is 5 - 1 - (14 - 7)?
-3
What is -2 + 4 - (4 - (3 + 1))?
2
What is 4 - (0 - (8 + -8))?
4
What is -4 - (17 + -13 - 16)?
8
What is the value of -4 + (-2 - -5) - (-1 + 3)?
-3
Evaluate 0 + (0 - (4 - 0)) + 8.
4
Evaluate 15 + -3 + (-20 - -8).
0
Evaluate -6 - (-3 - (5 - (4 - -1))).
-3
Calculate -3 + (-4 - -10) + (1 - 8).
-4
What is -12 + (13 - 11 - -2)?
-8
Calculate ((-2 - 1) + 4 - 3) + 6.
4
4 - (8 + -3) - -1 - -4
4
What is (2 - 8) + (-5 - -12)?
1
-3 - -1 - -6 - (-18 + 19)
3
4 + 0 - (6 - -10 - 7)
-5
Calculate (-7 - -12) + -5 - 3.
-3
What is (-13 - 1) + 21 + (-18 - -3)?
-8
0 + 1 + -7 + 3
-3
(4 - (5 - -5)) + 5
-1
(-15 - -8) + 8 + 6
7
What is the value of 67 + -62 - (4 - 0) - -6?
7
Evaluate 3 + -8 - (-10 + 2) - 8.
-5
What is -6 - (-10 - -3 - 5)?
6
3 - (1 - (0 + -2))
0
-1 - (-1 + 1 + 2) - -8
5
Calculate (4 - (9 - 7)) + (0 - -1).
3
(-1 - (10 - 5)) + 4
-2
Evaluate -2 + 13 - (37 + -27).
1
(-3 - (0 + -2)) + 7
6
What is 5 - (-5 + 6 - -1)?
3
What is the value of 1 - (-3 + 12 + -7)?
-1
Calculate 1 - (-1 + (-1 + 0 - -3)).
0
Evaluate -14 + (3 - 12 - -16).
-7
What is the value of (4 - 2) + -1 + 14 + -11?
4
Calculate 6 - (-4 - -8) - (-3 + 6).
-1
What is the value of 7 + (-6 - (5 + -5 + -5))?
6
(-22 - 0) + 9 + 3
-10
What is (-11 - 0) + (-2 - -8)?
-5
Calculate 4 + 3 + -3 + -3 + 3.
4
-18 + -1 + 16 - (0 - 8)
5
What is the value of -3 + 13 + (-11 - 2)?
-3
What is 2 - (-3 - 0 - 0)?
5
Evaluate (4 - 12 - 3) + 5.
-6
What is 4 + (-1 - (6 + -2) - -6)?
5
What is 5 + (0 - 15 - (60 + -67))?
-3
What is -3 - (-3 + 4) - (10 - 6)?
-8
What is -2 - (1 - 3 - (-1 - -2))?
1
Evaluate (8 - 21) + (6 - 0).
-7
What is the value of 8 + -4 + -1 + -2?
1
What is (7 - 0) + (-62 - -61)?
6
Evaluate (0 + 3 + -14 - -4) + 2.
-5
0 + (0 + -1 - (-12 - -6))
5
What is the value of 7 + -1 + -4 + -3 + -2?
-3
-1 + -1 - (-5 + 4 + -2)
1
5 + -3 + 0 - 6
-4
What is (1 - 2 - (-8 + 5)) + -7?
-5
(-2 - (2 - 1)) + 4 + -2
-1
Evaluate 2 + (4 + -2 - 0).
4
What is the value of 9 + 0 + 7 - 11?
5
1 - (7 + (4 - 3 - 6))
-1
What is -1 + 2 + 1 - (8 + -4)?
-2
Evaluate -15 - (-8 + 2 + -3).
-6
Calculate 12 - (-3 + 13 - 5).
7
Calculate -9 - (-8 + 10 + -5).
-6
3 - (7 + -1) - -2
-1
What is 1 + (1 - -6) - 5?
3
What is 4 + 3 + -6 - 5?
-4
Calculate 6 + -6 + -1